he units digit of a?
5
Let n = 174 + 9. What is the tens digit of n?
8
Suppose 2*f - p - 3*p - 26 = 0, 2*f = -2*p + 2. Suppose f*y = 4*j + 15, -6*y + 2*y + 5*j = -3. What is the units digit of y?
7
Let k(s) = s**2 - 8*s + 3. Let r be k(8). Suppose -2*y - p + 22 = r*p, -3*p + 9 = -y. What is the units digit of -2 + 6*4/y?
6
Let r(o) = o**3 + 6*o**2 - 9*o + 13. What is the hundreds digit of r(4)?
1
Let s be 1 + 0 - (-2)/1. Suppose -z + 3*t = -4*z + 3, 7 = z - t. Suppose -s*f = -7*f + z. What is the units digit of f?
1
What is the units digit of (1/(-4))/((-1)/116)?
9
What is the hundreds digit of (0 - -4) + (141 + -3 - 0)?
1
Let c be 0 + 0 + 0 - 1. Let h(t) = t - 13. Let z be h(10). What is the units digit of 6*c*2/z?
4
What is the hundreds digit of (-1)/((-11)/3 + 4) - -179?
1
Suppose -3*t - 3*b + 7*b = -17, -2*t - 2 = 4*b. Let m = t - -3. What is the units digit of m?
6
Let u(r) = -68*r - 79. What is the hundreds digit of u(-6)?
3
Suppose -j - 4*j + 290 = 0. Suppose 4*h + 0*h - 5*x - j = 0, -3*h + 2*x + 40 = 0. What is the tens digit of h?
1
Let g = 10 + -5. Suppose 0 = 3*v - 2*w + 24, -g*w = v - 3*w + 8. Let y(x) = -x**3 - 8*x**2 - 2*x + 5. What is the units digit of y(v)?
1
Suppose 0 = x + x - 6. Let y be (-2)/(-4)*(-1 + 61). Suppose 0 = -0*c + 5*c + 5*k - 40, 0 = x*c + 5*k - y. What is the units digit of c?
5
Suppose 4*q = 2*t + t - 17, -t - 3*q - 3 = 0. Suppose 0 = -p + t*p - 2. Suppose 0 = -z + 2*z - p. What is the units digit of z?
1
Let u(q) = -3*q - 3. Let x be u(-5). What is the tens digit of x/(-54) - 202/(-18)?
1
Let x be (4/(-6))/(6/(-63)). Suppose -3*i - x = 11. Let j(p) = p**3 + 6*p**2 - p + 8. What is the units digit of j(i)?
4
Let m(w) = -w + 9. Let s(u) = 2*u - 19. Let p(o) = 9*m(o) + 4*s(o). Let g be -3*1/(2 - 3). What is the units digit of p(g)?
2
Suppose 4*m + 0*m = -4. What is the tens digit of 3/((m/(-4))/1)?
1
Suppose 3*p + 2*i - 2 = -p, 0 = 3*p + 3*i + 6. Suppose 4*h = -5*w - h + 25, p*h = 0. Suppose a + 28 = w*a. What is the units digit of a?
7
Let n(t) = 8*t**2 - 7*t + 3. What is the units digit of n(6)?
9
What is the units digit of 1/(3 - 38/13)?
3
Let r be (-2*(-1 - 0))/2. Suppose 0 = m - r - 0. What is the units digit of m?
1
Suppose -10 - 23 = -3*r. Suppose -m = -0*m - r. What is the units digit of m?
1
Let v(r) = -2*r**2 + 22*r + 3. What is the units digit of v(11)?
3
Let k(u) = u + 3. Let b(c) = 3*c + 7. Let d(r) = 6*b(r) - 11*k(r). What is the units digit of d(4)?
7
Let a = -5 - -7. Suppose 0 = 2*c + 4*d - 38, a*d = -2*c + 3*d + 28. Suppose -3*k = -z + c, 5*z + 3*k = z + 45. What is the tens digit of z?
1
Let u(x) = -x + 3. Let a be u(3). Suppose 0 - 12 = 3*t, 4*s + 3*t - 40 = a. What is the units digit of s?
3
Let c be (-7)/((-63)/(-6))*-3. Let t(q) = q**2 + 3*q + 1 + 2*q**c + 3*q - 5*q - q**3. What is the units digit of t(3)?
4
Suppose -8*b = -16*b + 1488. What is the tens digit of b?
8
Suppose -315 = -5*d - 5*k, 6*d - k - 339 = d. What is the tens digit of d?
6
Let m be 39/21 + (-1)/(-7). Suppose -2*n = -2*j - 32 + 132, 108 = 2*j + m*n. Suppose s - 4*v = 3*s - j, 21 = s + v. What is the units digit of s?
6
Let x(c) = c**2 + c. Let a(j) = 2*j**2 - 27*j + 12. Let k(o) = -o**2 + 13*o - 6. Let w(z) = -4*a(z) - 9*k(z). Let i be w(8). What is the units digit of x(i)?
2
Let f(h) = -34*h - 5. What is the units digit of f(-2)?
3
Suppose -y + 2 - 8 = -5*s, 5*s - 1 = -4*y. What is the tens digit of (31 - s)*(-64)/(-80)?
2
Suppose -98 - 800 = -5*l - 3*x, 348 = 2*l + 4*x. What is the units digit of l?
2
Let j = 33 + -97. Let d = j + 89. What is the units digit of d?
5
Let s(q) = -10*q. Let f be s(-1). Let y = -5 + f. Let r = -3 + y. What is the units digit of r?
2
Let x be (8/5)/4*10. Suppose -3*v = -2*n - 61, 2*n - x*n - 27 = -v. What is the tens digit of v?
1
Let r be (36/8 - 0)*6. What is the tens digit of 2 + (-4 - -1) + r?
2
Suppose 2*v - 5*v = 6. What is the units digit of v - 12/4*-1?
1
Let h be (-1 - 0)/((-2)/(-12)). Let v = 4 - 7. Let s = v - h. What is the units digit of s?
3
Let h(q) = q**2 - 6*q - 11. What is the units digit of h(9)?
6
Let o be 2*7/(-2) - 2. Let t(i) = 3*i**2 + 12*i + 10. Let l(c) = -7*c**2 - 24*c - 21. Let d(v) = -2*l(v) - 5*t(v). What is the units digit of d(o)?
9
Suppose 0 = -m - 2, 4 = -4*r + m - 6. What is the units digit of 27/(0 + (-3)/r)?
7
Suppose -2*n + 1278 = -5*n. What is the tens digit of n/(-9) + (-4)/12?
4
Suppose g = 2 + 140. What is the units digit of g?
2
Let g = 28 - 8. Let i = 29 - g. What is the units digit of i?
9
What is the units digit of (-72)/(-15)*(-10)/(-4)?
2
Suppose -616 - 140 = -7*i. What is the hundreds digit of i?
1
Let o(c) = -c**3 - 2*c**2 - 4*c + 1. What is the tens digit of o(-4)?
4
Suppose 3*t + 4*w = 0, -w + 8 = -5*t + 31. Suppose -14 = -6*y + t*y. What is the units digit of y?
7
Suppose 7 = -2*q - 1. What is the units digit of 1/(((-8)/34)/q)?
7
Suppose 0 = -3*i - 2*u + 3*u + 42, 5*i = 2*u + 69. What is the tens digit of (i/(-9) - -3)*15?
2
Let q be 3/((-18)/15 - -1). Let p be (q/9 - -3)*3. Suppose b = 2*b - p. What is the units digit of b?
4
Let n = 8 - 5. Suppose 0 = -n*y + 4*y - 17. What is the units digit of y?
7
Let s(v) be the first derivative of -v**4/4 - v**2/2 + 3*v - 8. Suppose 0 = 2*c - 3*c. What is the units digit of s(c)?
3
Let a = -5 - -16. What is the units digit of a?
1
Let y be 2/(-6) - 4/(-12). Suppose -4*q - 4*o = y, -5*q + 27 = -3*o + 3. Suppose 0 = -3*j + 2*c + 19, 3*j - q*c = -4*c + 4. What is the units digit of j?
3
What is the tens digit of 18/2*1 - -1?
1
Let s(m) = -m**3 + 8*m**2 - 2*m - 6. What is the units digit of s(5)?
9
Let v(m) = -32*m + 31. What is the tens digit of v(-4)?
5
Let h be (-2)/(-4)*(3 - -9). Suppose 3*q = -0*f + 5*f + 19, h = q - 2*f. What is the units digit of q?
8
Let g(q) = q**2 - 4*q. What is the units digit of g(6)?
2
Let p(c) = -c + 5. Let o be p(-4). Let j(l) = l - 1. Let h be j(-6). Let x = o + h. What is the units digit of x?
2
Let i = -20 - -13. Let x = 9 + i. Suppose f + 9 = 2*f - u, x*u + 14 = f. What is the units digit of f?
4
Suppose -5*w - 15 = 0, -s + 3*w + 10 = w. Suppose -2*f + 4*m + 6 = 0, 5*m = s*f - 32 + 11. What is the units digit of f?
9
Let i(s) = 3*s + 27. What is the units digit of i(12)?
3
Let r = 10 - -18. What is the tens digit of r?
2
Let i = -16 - -26. Suppose -4*b - 2*m = -28, -4*b - 4*m - i = -46. Suppose b*j + 57 = 137. What is the units digit of j?
6
Suppose -40 = -r - 5*i, r + 3*i - 4*i = 58. Suppose -a = 4*a - r. What is the units digit of a?
1
Suppose 0 = -z - 4*z + 10. Let f(r) = -r**3 + 2*r - 2. Let t be f(z). What is the units digit of (t/9)/((-2)/3)?
1
Let y(m) be the third derivative of 1/60*m**5 + 2*m**2 + 0 + 1/8*m**4 - 7/6*m**3 + 0*m. What is the units digit of y(-5)?
3
Let a be 2/3 + (-21)/(-9). Let s = 31 - 29. Let t = a - s. What is the units digit of t?
1
Let j = -5 - -9. Let h = 4 - j. Suppose -3*q + 2 = -5*c - 24, 5*q - 3*c - 54 = h. What is the tens digit of q?
1
Suppose -5*t = 3 - 13. What is the units digit of (-3 + -12)*t/(-5)?
6
Let g(y) = -y**2 + 5*y - 4. Let k(l) = -l**2 + 9*l + 1. Let o be k(8). Let z(h) = h - 6. Let p be z(o). What is the units digit of g(p)?
2
Suppose 29 + 69 = 2*s. What is the tens digit of s?
4
Suppose -5*d - a + 10 = -11, -5*d = 2*a - 22. Let y(l) = -l**3 + 5*l**2 + 2*l - 1. Let c be y(3). Suppose c + 9 = d*r. What is the units digit of r?
8
Suppose c + i = 53, 5*c + 2*i - 25 - 249 = 0. Suppose l + 3*l = c. What is the units digit of l?
4
Let h be -3 - (0/2 - -3). Let b be 24/14 - h/21. Suppose 5*z + 2*o = 6*o + 14, 5*o - 8 = b*z. What is the units digit of z?
6
Let j(y) = y + 19. Let u be j(-9). Suppose u*q + 78 = 13*q. What is the units digit of q?
6
Suppose 4*d - 18 - 5 = -5*b, d + 3*b = -3. Suppose p - 14 = -3*u + d, -u = 2*p - 42. What is the units digit of p?
0
Let g(o) = 5*o - 4. Let z be g(2). What is the tens digit of (-4)/z*-57 - -1?
3
Let j(n) = -n**2 + 17*n - 8. What is the tens digit of j(7)?
6
Let o = -10 - -15. What is the units digit of 1/o - 58/(-10)?
6
What is the tens digit of 2 + (-1260)/(-33) + (-2)/11?
4
Suppose -35 = -0*c - 5*c. Let v be 2/c + (-2)/7. Suppose 0*z + 4*z - 68 = v. What is the tens digit of z?
1
Let d(i) = 0 - 2 + 1 - i. Let z be d(-8). Let r = 1 + z. What is the units digit of r?
8
Let s